{"id":192,"date":"2021-07-25T07:52:53","date_gmt":"2021-07-25T07:52:53","guid":{"rendered":"https:\/\/wordpress.vecurosoft.com\/medilax\/?page_id=192"},"modified":"2025-11-26T14:51:55","modified_gmt":"2025-11-26T11:51:55","slug":"about","status":"publish","type":"page","link":"https:\/\/fibumedical.com\/index.php\/about\/","title":{"rendered":"Hakk\u0131m\u0131zda"},"content":{"rendered":"\t\t<div data-elementor-type=\"wp-page\" data-elementor-id=\"192\" class=\"elementor elementor-192\">\n\t\t\t\t\t\t<section class=\"elementor-section elementor-top-section elementor-element elementor-element-cbd7cdf elementor-section-full_width elementor-section-height-default elementor-section-height-default\" data-id=\"cbd7cdf\" data-element_type=\"section\" data-settings=\"{&quot;background_background&quot;:&quot;classic&quot;}\">\n\t\t\t\t\t\t<div class=\"elementor-container elementor-column-gap-no\">\n\t\t\t\t\t<div class=\"elementor-column elementor-col-100 elementor-top-column elementor-element elementor-element-c22c0c5\" data-id=\"c22c0c5\" data-element_type=\"column\">\n\t\t\t<div class=\"elementor-widget-wrap elementor-element-populated\">\n\t\t\t\t\t\t<div class=\"elementor-element elementor-element-e1669bd elementor-widget elementor-widget-aboutus\" data-id=\"e1669bd\" data-element_type=\"widget\" data-widget_type=\"aboutus.default\">\n\t\t\t\t<div class=\"elementor-widget-container\">\n\t\t\t\t\t<!-----------------------Start About us Area-----------------------><section class=\"vs-about-wrapper space\"><div class=\"container\"><div class=\"row flex-row-reverse\"><div class=\"col-lg-6 mb-40 mb-lg-0\"><div class=\"vs-surface wow\" data-wow-delay=\"0.3s\"><div class=\"about-img3 position-relative\"><img decoding=\"async\" src=\"https:\/\/fibumedical.com\/wp-content\/uploads\/2025\/11\/Basliksiz-2-min.png\" alt=\"Basliksiz 2 min\"  class=\"w-100\" \/><div class=\"exp-box-bottom\"><div class=\"exp-year text-theme\"><span class=\"counter\">30<\/span>+<\/div><p class=\"exp-text text-title mb-0\">Y\u0131ll\u0131k Tecr\u00fcbe<\/p><\/div><\/div><\/div><\/div><div class=\"col-lg-6 align-self-center\"><div class=\"about-content mb-2 \"><span class=\"sec-subtitle text-theme h3 mb-2 mb-sm-0\">Fibu Medical<\/span><div class=\"row\"><div class=\"col-xl-10\"><h2 class=\"h1 mb-3\">Vizyonumuz<\/h2><\/div><div class=\"col-xl-10\"><p class=\"mb-4 desc\">Fibu Medical olarak, sa\u011fl\u0131k sekt\u00f6r\u00fcnde g\u00fcvenilirli\u011fi ve kaliteyi \u00f6n planda tutan \u00f6nc\u00fc bir marka olmay\u0131; medikal \u00fcr\u00fcnlerde yenilik\u00e7i \u00e7\u00f6z\u00fcmler sunarak, profesyonellerin i\u015f ak\u0131\u015flar\u0131n\u0131 destekleyen bir \u00e7\u00f6z\u00fcm orta\u011f\u0131 olmay\u0131 hedefliyoruz. Vizyonumuz, sa\u011fl\u0131k hizmetlerinin her alan\u0131nda fark yaratacak \u00e7\u00f6z\u00fcmler geli\u015ftirmek, kullan\u0131c\u0131lar\u0131n ihtiya\u00e7lar\u0131na h\u0131zl\u0131 ve etkin yan\u0131t vererek sekt\u00f6rde s\u00fcrd\u00fcr\u00fclebilir g\u00fcven tesis etmektir.\n\nAmac\u0131m\u0131z, sadece \u00fcr\u00fcn tedarik etmek de\u011fil; sa\u011fl\u0131k profesyonellerinin operasyonel verimlili\u011fini art\u0131racak, s\u00fcre\u00e7leri kolayla\u015ft\u0131racak ve y\u00fcksek standartlarda hizmet sunacak bir i\u015f orta\u011f\u0131 olarak sekt\u00f6rde \u00f6nc\u00fc bir rol \u00fcstlenmektir. Fibu Medical, ulusal ve uluslararas\u0131 kalite standartlar\u0131na uygun \u00fcr\u00fcn ve hizmetlerle, yenilik\u00e7i teknolojileri takip ederek sa\u011fl\u0131k sekt\u00f6r\u00fcn\u00fcn geli\u015fimine katk\u0131da bulunmay\u0131 misyon edinmi\u015ftir.\n\nVizyonumuz, ayn\u0131 zamanda m\u00fc\u015fterilerimizle uzun vadeli g\u00fcven ili\u015fkileri kurmak, sa\u011fl\u0131k \u00e7al\u0131\u015fanlar\u0131n\u0131n her ad\u0131mda yan\u0131nda olmak ve medikal \u00fcr\u00fcnlerde kalite, g\u00fcvenlik ve yenilikle sekt\u00f6rde \u00f6rnek bir marka olmak \u00fczerine kuruludur.<\/p><\/div><\/div><\/div><\/div><\/div><\/div><\/section><!-----------------------End About us Area----------------------->\t\t\t\t<\/div>\n\t\t\t\t<\/div>\n\t\t\t\t\t<\/div>\n\t\t<\/div>\n\t\t\t\t\t<\/div>\n\t\t<\/section>\n\t\t\t\t<section class=\"elementor-section elementor-top-section elementor-element elementor-element-d823394 elementor-section-full_width elementor-section-height-default elementor-section-height-default\" data-id=\"d823394\" data-element_type=\"section\" data-settings=\"{&quot;background_background&quot;:&quot;classic&quot;}\">\n\t\t\t\t\t\t<div class=\"elementor-container elementor-column-gap-no\">\n\t\t\t\t\t<div class=\"elementor-column elementor-col-100 elementor-top-column elementor-element elementor-element-21916ce\" data-id=\"21916ce\" data-element_type=\"column\">\n\t\t\t<div class=\"elementor-widget-wrap elementor-element-populated\">\n\t\t\t\t\t\t<section class=\"elementor-section elementor-inner-section elementor-element elementor-element-ec19047 elementor-section-boxed elementor-section-height-default elementor-section-height-default\" data-id=\"ec19047\" data-element_type=\"section\">\n\t\t\t\t\t\t<div class=\"elementor-container elementor-column-gap-no\">\n\t\t\t\t\t<div class=\"elementor-column elementor-col-100 elementor-inner-column elementor-element elementor-element-4320c87\" data-id=\"4320c87\" data-element_type=\"column\">\n\t\t\t<div class=\"elementor-widget-wrap elementor-element-populated\">\n\t\t\t\t\t\t<div class=\"elementor-element elementor-element-9b35b0a sec-title-aligncenter elementor-widget elementor-widget-medilaxsectiontitle\" data-id=\"9b35b0a\" data-element_type=\"widget\" data-widget_type=\"medilaxsectiontitle.default\">\n\t\t\t\t<div class=\"elementor-widget-container\">\n\t\t\t\t\t<div class=\"wow fadeInUp\" data-wow-delay=\"0.3s\"><div class=\"section-title center\" ><div class=\"sec-icon\"><i class=\"flaticon-ecg\"><\/i><\/div><h2 class=\"h1 title-selector\">\u00c7al\u0131\u015fma Prensiplerimiz<\/h2><\/div><\/div>\t\t\t\t<\/div>\n\t\t\t\t<\/div>\n\t\t\t\t\t<\/div>\n\t\t<\/div>\n\t\t\t\t\t<\/div>\n\t\t<\/section>\n\t\t\t\t<section class=\"elementor-section elementor-inner-section elementor-element elementor-element-199cd9f elementor-section-full_width elementor-section-height-default elementor-section-height-default\" data-id=\"199cd9f\" data-element_type=\"section\">\n\t\t\t\t\t\t<div class=\"elementor-container elementor-column-gap-no\">\n\t\t\t\t\t<div class=\"elementor-column elementor-col-100 elementor-inner-column elementor-element elementor-element-6e7821a\" data-id=\"6e7821a\" data-element_type=\"column\">\n\t\t\t<div class=\"elementor-widget-wrap elementor-element-populated\">\n\t\t\t\t\t\t<div class=\"elementor-element elementor-element-480179d elementor-widget elementor-widget-workprocessing\" data-id=\"480179d\" data-element_type=\"widget\" data-widget_type=\"workprocessing.default\">\n\t\t\t\t<div class=\"elementor-widget-container\">\n\t\t\t\t\t<!-----------------------Start Work Process Area-----------------------><section class=\"vs-work-process\"><div class=\"container\"><div class=\"row gx-0\"><div class=\"process-nth col-md-6 col-lg-4 col-xl-4\"><div class=\"process-marked\"><div class=\"process-shape\"><img decoding=\"async\" src=\"https:\/\/wordpress.vecurosoft.com\/medilax\/wp-content\/uploads\/2021\/11\/arrow.png\" alt=\"arrow\"  \/><\/div><div class=\"process-icon\"><i class=\"flaticon-medical-symbol\"><\/i><span class=\"process-number\">01<\/span><\/div><div class=\"process-content\"><h3 class=\"process-title\">Kalite ve G\u00fcven Odakl\u0131 \u00dcretim<\/h3><p class=\"process-text\">T\u00fcm \u00fcr\u00fcnlerimizi uluslararas\u0131 standartlara uygun, g\u00fcvenilir ve steril \u00fcretim s\u00fcre\u00e7lerinden ge\u00e7irerek sa\u011fl\u0131k profesyonellerine en y\u00fcksek kaliteyi sunmay\u0131 ilke ediniriz.<\/p><\/div><\/div><\/div><div class=\"process-nth col-md-6 col-lg-4 col-xl-4\"><div class=\"process-marked\"><div class=\"process-shape\"><img decoding=\"async\" src=\"https:\/\/wordpress.vecurosoft.com\/medilax\/wp-content\/uploads\/2021\/11\/arrrrow.png\" alt=\"arrrrow\"  \/><\/div><div class=\"process-icon\"><i class=\"flaticon-stethoscope-1\"><\/i><span class=\"process-number\">02<\/span><\/div><div class=\"process-content\"><h3 class=\"process-title\">H\u0131zl\u0131 ve Kesintisiz Tedarik Zinciri<\/h3><p class=\"process-text\">M\u00fc\u015fteri ihtiya\u00e7lar\u0131n\u0131 zaman\u0131nda kar\u015f\u0131lamak i\u00e7in g\u00fc\u00e7l\u00fc stok y\u00f6netimi, h\u0131zl\u0131 sevkiyat ve s\u00fcrekli eri\u015filebilir destek hizmetleri ile kesintisiz bir tedarik a\u011f\u0131 olu\u015ftururuz.<\/p><\/div><\/div><\/div><div class=\"process-nth col-md-6 col-lg-4 col-xl-4\"><div class=\"process-marked\"><div class=\"process-icon\"><i class=\"flaticon-healthcare\"><\/i><span class=\"process-number\">03<\/span><\/div><div class=\"process-content\"><h3 class=\"process-title\">M\u00fc\u015fteri Odakl\u0131 \u00c7\u00f6z\u00fcm Anlay\u0131\u015f\u0131<\/h3><p class=\"process-text\">Her kurumun ve profesyonelin ihtiyac\u0131na \u00f6zel \u00e7\u00f6z\u00fcmler \u00fcreterek, sat\u0131\u015f \u00f6ncesi ve sonras\u0131 s\u00fcre\u00e7lerde rehberlik sa\u011flayan bir \u00e7\u00f6z\u00fcm orta\u011f\u0131 olmay\u0131 hedefleriz.<\/p><\/div><\/div><\/div><\/div><\/div><\/section><!-----------------------End Work Process Area----------------------->\t\t\t\t<\/div>\n\t\t\t\t<\/div>\n\t\t\t\t\t<\/div>\n\t\t<\/div>\n\t\t\t\t\t<\/div>\n\t\t<\/section>\n\t\t\t\t\t<\/div>\n\t\t<\/div>\n\t\t\t\t\t<\/div>\n\t\t<\/section>\n\t\t<div class=\"elementor-element elementor-element-8468057 e-flex e-con-boxed e-con e-parent\" data-id=\"8468057\" data-element_type=\"container\">\n\t\t\t\t\t<div class=\"e-con-inner\">\n\t\t<div class=\"elementor-element elementor-element-5997115 e-con-full e-flex e-con e-child\" data-id=\"5997115\" data-element_type=\"container\">\n\t\t\t\t<div class=\"elementor-element elementor-element-941bd3c elementor-widget elementor-widget-image\" data-id=\"941bd3c\" data-element_type=\"widget\" data-widget_type=\"image.default\">\n\t\t\t\t\t\t\t\t\t\t\t\t\t\t\t<img fetchpriority=\"high\" decoding=\"async\" width=\"751\" height=\"751\" src=\"https:\/\/fibumedical.com\/wp-content\/uploads\/2025\/11\/compressed_image-4-square-a7bb48c9dda71ae8ff3c889ab384570b-fwxdvj8la1g4-1024x1024.jpg\" class=\"attachment-large size-large wp-image-8338\" alt=\"\" srcset=\"https:\/\/fibumedical.com\/wp-content\/uploads\/2025\/11\/compressed_image-4-square-a7bb48c9dda71ae8ff3c889ab384570b-fwxdvj8la1g4-1024x1024.jpg 1024w, https:\/\/fibumedical.com\/wp-content\/uploads\/2025\/11\/compressed_image-4-square-a7bb48c9dda71ae8ff3c889ab384570b-fwxdvj8la1g4-300x300.jpg 300w, https:\/\/fibumedical.com\/wp-content\/uploads\/2025\/11\/compressed_image-4-square-a7bb48c9dda71ae8ff3c889ab384570b-fwxdvj8la1g4-150x150.jpg 150w, https:\/\/fibumedical.com\/wp-content\/uploads\/2025\/11\/compressed_image-4-square-a7bb48c9dda71ae8ff3c889ab384570b-fwxdvj8la1g4-768x768.jpg 768w, https:\/\/fibumedical.com\/wp-content\/uploads\/2025\/11\/compressed_image-4-square-a7bb48c9dda71ae8ff3c889ab384570b-fwxdvj8la1g4-70x70.jpg 70w, https:\/\/fibumedical.com\/wp-content\/uploads\/2025\/11\/compressed_image-4-square-a7bb48c9dda71ae8ff3c889ab384570b-fwxdvj8la1g4-600x600.jpg 600w, https:\/\/fibumedical.com\/wp-content\/uploads\/2025\/11\/compressed_image-4-square-a7bb48c9dda71ae8ff3c889ab384570b-fwxdvj8la1g4-100x100.jpg 100w, https:\/\/fibumedical.com\/wp-content\/uploads\/2025\/11\/compressed_image-4-square-a7bb48c9dda71ae8ff3c889ab384570b-fwxdvj8la1g4.jpg 1200w\" sizes=\"(max-width: 751px) 100vw, 751px\" \/>\t\t\t\t\t\t\t\t\t\t\t\t\t\t\t<\/div>\n\t\t\t\t<\/div>\n\t\t<div class=\"elementor-element elementor-element-c8302e2 e-con-full e-flex e-con e-child\" data-id=\"c8302e2\" data-element_type=\"container\">\n\t\t<div class=\"elementor-element elementor-element-4ed8aa3 e-con-full e-flex e-con e-child\" data-id=\"4ed8aa3\" data-element_type=\"container\">\n\t\t\t\t<div class=\"elementor-element elementor-element-73bebdf sec-title-alignleft elementor-widget elementor-widget-medilaxsectiontitle\" data-id=\"73bebdf\" data-element_type=\"widget\" data-widget_type=\"medilaxsectiontitle.default\">\n\t\t\t\t<div class=\"elementor-widget-container\">\n\t\t\t\t\t<div class=\"wow fadeInUp\" data-wow-delay=\"0.3s\"><div class=\"section-title left\" ><span class=\"h3 text-theme sec-subtitle subtitle-selector\">Fibu Medical<\/span><h2 class=\"h1 title-selector\">Misyonumuz<\/h2><\/div><\/div>\t\t\t\t<\/div>\n\t\t\t\t<\/div>\n\t\t\t\t<div class=\"elementor-element elementor-element-fec8458 elementor-widget__width-initial elementor-widget elementor-widget-text-editor\" data-id=\"fec8458\" data-element_type=\"widget\" data-widget_type=\"text-editor.default\">\n\t\t\t\t\t\t\t\t\t<p data-start=\"98\" data-end=\"526\">Fibu Medical olarak, sa\u011fl\u0131k sekt\u00f6r\u00fcnde kalite, g\u00fcvenlik ve yenilik ilkelerini \u00f6n planda tutarak profesyonellere y\u00fcksek standartlarda medikal \u00fcr\u00fcnler sunmay\u0131 misyon edindik. Amac\u0131m\u0131z, hastaneler, klinikler ve sa\u011fl\u0131k profesyonellerinin ihtiya\u00e7 duydu\u011fu cerrahi malzemelerden steril ekipmanlara, g\u00fcnl\u00fck medikal gere\u00e7lerden cihaz koruyucular\u0131na kadar geni\u015f bir \u00fcr\u00fcn yelpazesiyle sa\u011fl\u0131k hizmetlerinin her a\u015famas\u0131nda destek olmakt\u0131r.<\/p><p data-start=\"528\" data-end=\"835\">Yaln\u0131zca \u00fcr\u00fcn sa\u011flayan bir firma de\u011fil; sa\u011fl\u0131k profesyonellerinin \u00e7al\u0131\u015fma s\u00fcre\u00e7lerini kolayla\u015ft\u0131ran, verimlili\u011fi art\u0131ran g\u00fcvenilir bir \u00e7\u00f6z\u00fcm orta\u011f\u0131 olmay\u0131 hedefliyoruz. \u00dcr\u00fcnlerimizi uluslararas\u0131 kalite standartlar\u0131na uygun \u015fekilde titizlikle se\u00e7iyor ve kullan\u0131c\u0131 g\u00fcvenli\u011fini her zaman \u00f6n planda tutuyoruz.<\/p><p data-start=\"837\" data-end=\"1150\">Fibu Medical, m\u00fc\u015fteri memnuniyetini s\u00fcrekli k\u0131lmak ad\u0131na teknolojiyi yak\u0131ndan takip eden, sekt\u00f6r ihtiya\u00e7lar\u0131n\u0131 analiz eden ve geri bildirimlerle kendini geli\u015ftiren bir yap\u0131ya sahiptir. Sat\u0131\u015f sonras\u0131 destek, do\u011fru \u00fcr\u00fcn y\u00f6nlendirmeleri ve g\u00fcvenilir tedarik zincirimizle sa\u011fl\u0131k \u00e7al\u0131\u015fanlar\u0131n\u0131n her zaman yan\u0131nday\u0131z.<\/p>\t\t\t\t\t\t\t\t<\/div>\n\t\t\t\t<\/div>\n\t\t\t\t<\/div>\n\t\t\t\t\t<\/div>\n\t\t\t\t<\/div>\n\t\t\t\t<\/div>\n\t\t","protected":false},"excerpt":{"rendered":"<p>30+ Y\u0131ll\u0131k Tecr\u00fcbe Fibu Medical Vizyonumuz Fibu Medical olarak, sa\u011fl\u0131k sekt\u00f6r\u00fcnde g\u00fcvenilirli\u011fi ve kaliteyi \u00f6n planda tutan \u00f6nc\u00fc bir marka olmay\u0131; medikal \u00fcr\u00fcnlerde yenilik\u00e7i \u00e7\u00f6z\u00fcmler sunarak, profesyonellerin i\u015f ak\u0131\u015flar\u0131n\u0131 destekleyen bir \u00e7\u00f6z\u00fcm orta\u011f\u0131 olmay\u0131 hedefliyoruz. Vizyonumuz, sa\u011fl\u0131k hizmetlerinin her alan\u0131nda fark yaratacak \u00e7\u00f6z\u00fcmler geli\u015ftirmek, kullan\u0131c\u0131lar\u0131n ihtiya\u00e7lar\u0131na h\u0131zl\u0131 ve etkin yan\u0131t vererek sekt\u00f6rde s\u00fcrd\u00fcr\u00fclebilir g\u00fcven tesis&#8230;<\/p>\n","protected":false},"author":1,"featured_media":0,"parent":0,"menu_order":0,"comment_status":"closed","ping_status":"closed","template":"template-builder.php","meta":{"footnotes":""},"class_list":["post-192","page","type-page","status-publish","hentry"],"_links":{"self":[{"href":"https:\/\/fibumedical.com\/index.php\/wp-json\/wp\/v2\/pages\/192","targetHints":{"allow":["GET"]}}],"collection":[{"href":"https:\/\/fibumedical.com\/index.php\/wp-json\/wp\/v2\/pages"}],"about":[{"href":"https:\/\/fibumedical.com\/index.php\/wp-json\/wp\/v2\/types\/page"}],"author":[{"embeddable":true,"href":"https:\/\/fibumedical.com\/index.php\/wp-json\/wp\/v2\/users\/1"}],"replies":[{"embeddable":true,"href":"https:\/\/fibumedical.com\/index.php\/wp-json\/wp\/v2\/comments?post=192"}],"version-history":[{"count":19,"href":"https:\/\/fibumedical.com\/index.php\/wp-json\/wp\/v2\/pages\/192\/revisions"}],"predecessor-version":[{"id":8501,"href":"https:\/\/fibumedical.com\/index.php\/wp-json\/wp\/v2\/pages\/192\/revisions\/8501"}],"wp:attachment":[{"href":"https:\/\/fibumedical.com\/index.php\/wp-json\/wp\/v2\/media?parent=192"}],"curies":[{"name":"wp","href":"https:\/\/api.w.org\/{rel}","templated":true}]}}